 = -418 + p. Is 7 a factor of l?
False
Let p(f) = -f**3 + 34*f**2 + 50*f + 12. Is 8 a factor of p(14)?
True
Let p(a) = -20*a + 20. Suppose -10*y + 3*y + 84 = 0. Let g(k) = -50*k + 50. Let w(f) = y*p(f) - 5*g(f). Is 10 a factor of w(14)?
True
Let o(k) = 12*k + 87. Let f be o(-7). Suppose f*i = 421 - 28. Is 2 a factor of i?
False
Let k be (0 - (-27)/6 - 3)*22. Let x = k + -32. Suppose j - 7 = -x. Is 2 a factor of j?
True
Let p(k) = -k - 12. Let t be p(-12). Let x(z) = z**3 + 8*z**2 + z - 24. Let j be x(-6). Suppose j*u - 37*u - 395 = t. Does 13 divide u?
False
Suppose 9 = 3*t - 2*b, t - 2*b - 14 = -3*t. Suppose t*z + 6 = 26. Does 10 divide 3*20/24*z?
True
Let n(k) = -k + 4. Let v be n(3). Let b = 75 - 85. Is 16/(-8) + (-1)/(v/b) a multiple of 4?
True
Suppose -413 = 8*b - 21. Let f be (-24)/(34/28 + (-14)/b). Does 15 divide (f - -15)*4/((-4)/33)?
False
Suppose 4*j + 343 = 5*j + 4*h, 0 = 2*j + 3*h - 681. Let y = j - 39. Is 12 a factor of y?
True
Suppose -274 = -4*h - 3*s, -3*s = 4*h - 8*s - 290. Is 2/(-10) + 9534/h a multiple of 8?
True
Let u = 246 - 246. Suppose u = 3*w - 341 - 223. Is 10 a factor of w?
False
Let n(m) = -m**2 - 5*m + 2. Let k(c) = c**3 + 2*c**2 - 15*c - 2. Let v be k(3). Let f be n(v). Suppose f*w - 1737 = 1223. Is 20 a factor of w?
False
Let m be 2/1 - (0 + -2). Let a(r) = 3*r + 176. Let w be a(-52). Suppose -t = -v + 71, -66 = -v - m*t - w. Does 11 divide v?
True
Is (75456/(-16))/(-12)*12 a multiple of 36?
True
Suppose -7*g - 2849 = -9*g + 6297. Is g a multiple of 54?
False
Suppose 129*j - 445321 = 31979. Is j a multiple of 50?
True
Suppose 5*f + 2*m = -2290, -3*f + 3*m = 262 + 1133. Let s = f - -575. Is s even?
False
Suppose 0 = -22*h + 18222 + 25514. Is h a multiple of 6?
False
Let u be 5 + -1 + 3951 + -2 + 7. Is (15/4)/(18/u) a multiple of 11?
True
Suppose 0*r - 43 = -4*r - v, 2*r = 2*v + 34. Let y = r - 8. Suppose -5*a + 2*m + 395 = 0, -y*a - 3*m + 177 = -2*a. Does 23 divide a?
False
Suppose 0 = 17*s - 27*s + 41250. Does 11 divide s?
True
Let m(l) = l**3 - 4*l**2 - 6*l + 8. Suppose b = 12 + 18. Suppose -g - 4*g = 5, b = 5*f + 5*g. Is 23 a factor of m(f)?
False
Let k be (4 + (-8 - -4))/(0 + 1). Let h be (-5)/(k + -1) + -1. Suppose 4*n + h*f = 1028, 646 = 3*n - 5*f - 125. Is 40 a factor of n?
False
Let n(m) be the first derivative of -5*m**4/24 - 7*m**3/6 + 15*m**2/2 - 10. Let s(f) be the second derivative of n(f). Is s(-6) a multiple of 4?
False
Let p = -43660 - -61204. Does 147 divide p?
False
Let z(p) = p**3 + p**2 - 8*p + 6. Let j be z(4). Suppose x + 4*x = -20. Let t = j - x. Is 3 a factor of t?
False
Suppose 0 = 45*n + 87*n - 107*n - 610525. Is n a multiple of 34?
False
Let m(r) = -5*r - 41. Let a(y) = -14*y - 122. Let c(l) = -3*a(l) + 8*m(l). Let v(j) = -3*j - 38. Let d(w) = 6*c(w) + 5*v(w). Is 7 a factor of d(-6)?
True
Suppose -8*f - 40878 + 114812 = -f. Does 33 divide f?
False
Suppose -2*d - 43 = -3*h, 2*h = -3*d + 4*d + 30. Suppose h*g + 251 = 20*g + 2*j, 5*j - 149 = -2*g. Is g a multiple of 9?
False
Suppose -11*z = 45 + 54. Let r be z/(-2)*16/12. Suppose -5*x + 156 = r. Is 3 a factor of x?
True
Suppose -32*l - 50400 = -62*l. Is l a multiple of 84?
True
Suppose -4970 = -5*g + 9*x - 7*x, -5*x + 2017 = 2*g. Let h = 1460 - g. Is h a multiple of 34?
False
Suppose -22*k = -397 - 329. Suppose 9*n - k*n = -32256. Is 64 a factor of n?
True
Suppose 72*g + 168 = 76*g. Is 48456/g - (-6)/21 a multiple of 20?
False
Suppose -2*j + v + 30 = 0, 5*j + 2*v - 57 = -0*j. Let a = j + 110. Is a a multiple of 13?
False
Is (40*(2 + (-138)/75))/(4/690) a multiple of 184?
True
Let r(u) = -u**3 + 18*u**2 - 46*u + 9. Let a be r(17). Let d = 820 + a. Is d a multiple of 48?
True
Suppose 38*u = 33*u + 35. Suppose 2*n - 810 = -u*n. Does 26 divide n?
False
Suppose 29*q - 184290 = 3*q + 604836. Is q a multiple of 42?
False
Let n = 661 + 1004. Is 9 a factor of n?
True
Let c be (803 - (-3 - 4)) + 3/1. Let u = c - 477. Does 16 divide u?
True
Let r be 6/9 - (-2314)/39. Does 35 divide -8*1 + r + 1000?
False
Let g = -329 - -658. Suppose 0 = 9*y + g - 2237. Does 8 divide y?
False
Suppose -2*h + 29 = 5*i, 4*h + 3*i - 65 = -0*i. Suppose h*g + 3 = 1159. Is 27 a factor of g?
False
Let x = -2778 - -3762. Does 41 divide x?
True
Suppose 5*t = o - 13869, 868 - 871 = 3*t. Does 19 divide o?
False
Let a(p) = -32*p + 20. Suppose 0*r - 17 = 2*n - 3*r, -3*r = -3. Is 17 a factor of a(n)?
False
Let d be (-50)/(-15)*(-3)/1. Let a be (d/(-35))/(2 + 39/(-21)). Let z(y) = 4*y**3 - 2*y**2 + 2*y. Is 4 a factor of z(a)?
True
Let w(z) = 266*z**2 + 14*z - 2. Let x be w(1). Let n = x + 3. Does 45 divide n?
False
Suppose -5*q - 25680 = -5*f, -3*f + 9993 + 5403 = 3*q. Is f a multiple of 30?
False
Let p = 8 + -5. Let l(x) be the second derivative of -x**4/12 + 3*x**3/2 - 2*x**2 - 70*x + 1. Is 14 a factor of l(p)?
True
Suppose -5*c = -10, 492*g - 498*g = -5*c - 259754. Does 43 divide g?
False
Suppose -5*l + 97846 = 4*p - 52435, 2*p - 6*l - 75200 = 0. Does 10 divide p?
False
Let d = -1760 - -9872. Is d a multiple of 24?
True
Does 117 divide (148750/(-20))/17*(-624)/30?
False
Let c(q) = q**2 + 11*q + 43. Does 28 divide c(-13)?
False
Let m be 51/24 - 3/24. Does 6 divide -5 - -74*(m - 1)?
False
Let k(a) be the first derivative of 2*a**3 - 5*a**2 - 48*a - 237. Is k(18) a multiple of 86?
False
Let u(s) = s**3 - 8*s**2 - 21*s + 8. Let n be u(10). Suppose 12 + 12 = 3*l. Is 2 a factor of n/(-8) - (-118)/l?
False
Let p(l) = -5*l + 18. Let i be p(2). Let o be 2/i - (-5 - (-50)/8). Does 8 divide (660/(-77))/(o/7)?
False
Let t(u) = -u**3 - u**2 + u + 6. Let k be t(0). Let a = -6732 + 6797. Suppose k*q = 11*q - a. Is q a multiple of 10?
False
Let c(s) = -100*s**3 + 5*s**2 + 21*s + 46. Is 6 a factor of c(-2)?
False
Suppose -10261 = -5*z + 4*j + 19508, -1 = j. Does 20 divide z?
False
Suppose 14*i - 450 = -16*i. Is 26 a factor of ((-3)/6)/(i/(-2730))?
False
Let j = -21966 + 32482. Is j a multiple of 33?
False
Let c = -167 - -169. Does 19 divide 19/c*(-26)/(-1) + 0?
True
Let o be ((-216)/(-16) - -7)*2. Suppose -8172 = -o*f + 23*f. Is 31 a factor of f?
False
Suppose -i + 16 = -5. Suppose 2*p + i = -7*g + 2*g, 0 = -p + 2*g + 12. Suppose -2*d = -5*k + 382, -7*k + 3*k - p*d = -302. Does 38 divide k?
True
Suppose 24*r - 29931 = 48933. Is r a multiple of 59?
False
Let j(l) = 271*l + 3283. Is 51 a factor of j(104)?
True
Let n(s) = s - 3. Let z be n(5). Suppose 3*m - 12 = -z*b + 4*m, 0 = b + m. Suppose 0 = c - t - 1 - 8, b*c = -t + 21. Is 3 a factor of c?
True
Suppose -41*y - 24 = -44*y. Suppose 0 = -15*z + 4*z + 627. Let a = y + z. Is 3 a factor of a?
False
Let y(k) = 16*k - 12. Let q be (-128)/(-10) - 31/(-155). Does 15 divide y(q)?
False
Let t(r) = -r - 21. Let n be t(-21). Let l = -4 - n. Is 12 a factor of 14/(-8) + 2 + (-347)/l?
False
Is -15*2*(-8)/40 - 10497/(-1) a multiple of 9?
True
Let u be (-788)/6 - -1 - (-56)/(-84). Let l = -75 - u. Does 7 divide l?
True
Let r(f) = 5 - 6*f**2 - 6*f + 6*f**2 + 5*f**2. Let x be r(4). Let i = x - -34. Is i a multiple of 19?
True
Let f(v) = -19*v**2 + 4. Let i be f(-2). Let n = i + 184. Does 13 divide 0 - (-2)/(-6) - n/(-3)?
False
Let f(z) = 4*z**2 + 2*z. Suppose 2*l = -2*p - 230, -p + 129 = -l + 8. Let a = l + 115. Is 4 a factor of f(a)?
False
Let b(t) be the second derivative of t**5/4 + t**4/8 - 5*t**3/6 + 19*t. Let r(m) be the second derivative of b(m). Is r(2) a multiple of 17?
False
Suppose 4156 = 2*f + 2*t, 3*f - 5*f - 5*t + 4174 = 0. Does 74 divide f?
True
Let w = 1993 + -4461. Is 5 a factor of (-3 - (-5 - (-54)/24))*w?
False
Let n = 5192 + -4886. Is 3 a factor of n?
True
Suppose v = 2*s + 307 - 2214, 23*s - 2*v = 21940. Does 159 divide s?
True
Suppose 0 = 7*k + 1 - 15. Suppose 2*j + 23 + 1 = -k*a, 3*j - 9 = 0. Let t = a - -96. Is 29 a factor of t?
False
Let m(x) = 250*x - 979. Does 96 divide m(9)?
False
Let q = 3490 - -632. Does 10 divide q?
False
Suppose -5*n = 3*p + 2393, p + 2383 = -2*p + 5*n. Let v be (-2*p/(-8))/(-1). Let i = v - 137. Is i a multiple of 23?
False
Let r = 65165 - 30957. Does 16 divide r?
True
Let b(s) = s**3 + 6*s**2 + 10*s + 28. Let y be b(-5). Suppose 3*j - 79 = -t + 510, -j - y*t = -207. Does 39 divide j?
True
Suppose -88*m = -146645 - 271619. Is m a multiple of 6?
False
Let t(n) = 319*n**2 + 558*n + 4523. Is 63 a factor of t(-8)?
T